) a composite number?
True
Suppose -62536 = -101*m + 93*m. Is m a composite number?
False
Suppose -3*y - 8501 = -5*y + 5*t, 17010 = 4*y - 2*t. Suppose 4*p + i - 4*i - y = 0, -5*p + 5311 = -2*i. Is p a composite number?
False
Is (-415310)/(-40) + -11 + (-3)/4 a composite number?
True
Suppose -2*c - 2*g - 7 = g, 4*g = c - 2. Let o be c - (-3)/2*-4. Is 1/(o/(-28))*10 a composite number?
True
Suppose 0 = -2*k + 4 + 538. Let s = k + 208. Is s a composite number?
False
Suppose u = 5*h - 35340, 4*h + 3*u = -0*h + 28291. Is h a prime number?
True
Let p be (-3184)/(-18) - 1/(-9). Let c = 0 - -2. Suppose 4*s + l = -l + 346, -5*l + p = c*s. Is s prime?
False
Let g(o) = o**3 - 3*o**2 - 4*o + 1. Let y be g(4). Suppose 0 = m - 6*m + 170. Let p = m - y. Is p composite?
True
Let v = 717 - -14086. Is v prime?
False
Let y be (-2)/(-11) + 4255/11. Suppose c = r + 191, -y = -4*c - 2*r + 389. Suppose 0 = -5*x - 3*i + 92 + 87, -5*x = -4*i - c. Is x a composite number?
False
Let z = 93637 + -40466. Is z composite?
False
Let m be 0 - (-4 + (-1 - -14)). Let p(c) = 24*c**2 - 24*c - 11. Is p(m) a prime number?
False
Let a(o) be the third derivative of 13*o**6/120 + o**5/15 - o**4/24 - 7*o**3/6 + 5*o**2. Let k be a(8). Is k/39 - (-6)/39 a prime number?
False
Let i = -1249 + 2699. Let g = i + -1004. Is g a composite number?
True
Suppose -10*u + 13 = -7. Is u + 1/1*4289 a composite number?
True
Let u be 14/(-4)*(-8 + 6). Suppose -12 = -c - 3*h, 0 = 3*h + u - 19. Suppose 3*v - 210 + 57 = c. Is v composite?
True
Let u(g) = g - 4. Let j be u(-2). Is j + 7 + 134 - (-1 - -5) a prime number?
True
Let c = 8058 - 1556. Is c a composite number?
True
Suppose 2*f = -5*b + 2632, -3*f = 3*b - 2*f - 1580. Suppose 0 = -r - u + 495, 5*u = 4*r - b - 1416. Is r a composite number?
False
Suppose -2*d = 5*p + 3*d + 50, 0 = -p - 2*d - 9. Let h = -9 - p. Suppose 32 = h*c - 42. Is c prime?
True
Let g = 47861 - 26158. Is g prime?
False
Let m(c) = -c**3 + 12*c - 3*c**2 + 15 - 3*c + c**2 - 2. Is m(-9) a prime number?
True
Suppose -206*b + 203*b = -59817. Is b prime?
False
Let o(y) = y**2 - 2*y - 10. Let h be o(5). Suppose -k - 3*g + 346 = 97, 4*k - h*g - 928 = 0. Is k a prime number?
False
Let n = 9 + -13. Let w(t) = 25*t**2 - 8*t + 5. Is w(n) prime?
False
Suppose h = 7*h - 126. Let k be h/35 + 12/5. Suppose 5*o - 170 = u + 882, -636 = -k*o - u. Is o a composite number?
False
Suppose -13 = -2*c - 3. Suppose o = c*l + 66, -4*o = -l + 3*l + 22. Let n = 30 - l. Is n a prime number?
True
Let w(k) = -k**3 + 14*k**2 + 2*k - 12. Let f(b) = b**3 + 4*b**2 - 7*b - 12. Let a be f(-5). Let h be (16/(-32))/(a/44). Is w(h) prime?
True
Let n(j) = -50413*j**3 - 2*j**2 + j + 3. Is n(-1) a composite number?
True
Suppose -4*o + 9*o - 18955 = 0. Is o a composite number?
True
Is 2*(9 - 65982/(-12)) prime?
False
Suppose b = 20916 + 4567. Is b a composite number?
True
Let j(o) = 265*o**2 - 10*o - 13. Is j(-6) prime?
True
Suppose 30 = 5*x + 15. Suppose 6754 = 3*s - 4*k + 1589, 0 = -4*s - x*k + 6870. Suppose 4*u - s = u. Is u a composite number?
True
Suppose 32*k - 107052 = -3*d + 29*k, -k + 178408 = 5*d. Is d prime?
False
Suppose -3*s + 15998 = -2*m + 1854, -3 = 3*m. Is s prime?
False
Let l be -6 - (0 + -4) - -6. Suppose -2*o - d = -501, -l*o = -0*o + d - 1003. Is o composite?
False
Let k(h) = 21*h + 1. Let c be (-4 - 0)/(2/4). Let u = -4 - c. Is k(u) a composite number?
True
Let h(j) = -5*j**2 - 7 + 0 - 116*j**3 + 2*j**2 - 5*j. Is h(-2) composite?
False
Suppose -11*c = 5*d - 6*c - 1720, 0 = d + 4*c - 335. Is d a composite number?
False
Let o(k) = 3*k**2 + 6. Let m be o(-14). Let u = m - -339. Is u prime?
False
Let o be 2/(-9) + (-8)/((-72)/(-61)). Let y(g) = 26*g**2 + g + 4. Is y(o) composite?
True
Let u = 51638 - 827. Is u a composite number?
True
Let q = 7904 - 4364. Is 1 - q/(-25) - 4/(-10) composite?
True
Let r = -93 - -97. Is 5164 + r/(-16)*-4 composite?
True
Let a be 5/((-5)/28) + -4. Let z = -24 - a. Is 2/z - (-7770)/56 a composite number?
False
Let o(j) = 1963*j + 554. Is o(11) a composite number?
False
Let v = 3685 + -804. Is v a prime number?
False
Suppose -134 = 5*s + 246. Suppose 0 = -2*q + 4*x + 234, -2*q - 3*x + 624 = 3*q. Let y = s + q. Is y composite?
False
Let n(q) = -13*q - 65. Is n(-16) a composite number?
True
Is (-13 + (-765)/(-60))*47*-796 prime?
False
Let s(u) = 192*u + 2. Let y be s(4). Let f = y + -19. Is f a composite number?
False
Let x be (0 - 29/(-2))*(-196)/2. Let w = x + 3664. Is w composite?
False
Suppose 395 = 9*t - 4*t. Suppose 0 = -2*g + 37 + t. Is g prime?
False
Is -19335*(30/9)/(-10) prime?
False
Let n = 10 - 3. Let a(i) = -2*i**2 - 25*i + 18. Let t be a(-13). Suppose t*f + 158 = n*f. Is f composite?
False
Suppose 2*y + 0*y = -40. Is 1294/8 + 15/y a prime number?
False
Let b = 1130 + 1689. Is b a composite number?
False
Let o(g) be the third derivative of 4/3*g**3 - 7/60*g**5 + 1/120*g**6 + 0 + 0*g + 5*g**2 - 5/8*g**4. Is o(10) prime?
False
Let x(y) = -20097*y**3 - y**2 - 4*y - 5. Is x(-1) a prime number?
False
Let f = 9772 - -5329. Is f a prime number?
True
Suppose 5*z + 5*v = 5, 5*z - v - 10 = 25. Suppose -4*h + 14 = -z. Suppose -775 = -3*k - 2*i - 318, -770 = -5*k - h*i. Is k composite?
False
Let w = -23 - -6. Let d(t) = -7*t - 24. Is d(w) a prime number?
False
Let j be (-4)/((-1)/1) - -4. Let a(q) = q**2 + 6*q + 15. Is a(j) prime?
True
Suppose 3*j - 22 = -7. Let q(o) = 4 - 70*o**2 - j*o + 37*o**3 + 76*o**2 + 1. Is q(3) a prime number?
False
Let b = -158 + 264. Is b prime?
False
Let g(b) = 3*b - b**2 + 10 - b - 19. Let y be g(5). Is (-1)/(-4) + (-3570)/y prime?
True
Suppose 3*c + 2*c + 345 = 4*x, 4*c + 2*x + 302 = 0. Is (-2)/((-28)/(-91))*(c + -1) a composite number?
True
Let o = -8 + 8. Suppose 3*p - 4*p = o. Suppose b + 4*q - 18 = p, -5*b + 25 = 5*q - 5. Is b prime?
True
Let c(f) be the first derivative of 545*f**2/2 + 20*f - 19. Is c(3) prime?
False
Let h(x) = -x**2 + 14*x - 6. Let m be h(14). Let j be (5817/14)/(m/(-16)). Suppose -5*n - j = -5*y + 1372, -y - 2*n + 511 = 0. Is y composite?
True
Let r = -3001 + 6660. Is r a composite number?
False
Suppose p - 17369 = -4852. Is p a prime number?
True
Let d be 66/24 - (-3)/12. Suppose 662 = 4*i + 2*w, -d*i + 3*w - 4*w = -497. Is i composite?
True
Suppose 10*q - 11*q = 1159. Let x = 1842 + q. Is x a composite number?
False
Let y = -710 - -4653. Is y prime?
True
Suppose 0 = 5*k + 5, 4*p - 277 = 2*p + 3*k. Let q = -6 + 8. Suppose -5*b + 335 = -5*g, 4*b - p = -q*g + 155. Is b composite?
False
Let v be (63/2)/(-9)*142. Let w = 2112 - v. Is w a composite number?
False
Suppose -4*n = -f - 10, -4*n + 4 = -2*f - 4. Suppose -3403 = -n*s + 230. Is s a prime number?
False
Suppose -5*k + 22 = -3*g, -20 = -4*k + 5*g + 8. Suppose -5*o = -k - 23, 285 = 2*l - o. Let z = -24 + l. Is z prime?
False
Is (-8)/2*((-28134)/24 + -8) prime?
True
Let f = -44 + 49. Suppose 0 = f*o - 5, -4*o = -4*m + 4293 - 101. Is m prime?
True
Let j = 31 + 104. Suppose -46 - j = -a. Is a prime?
True
Suppose 2*c - 3*p - 4678 = 0, -5*c + 5403 = -4*p - 6306. Suppose -w = -3*y - c, w - 4*w + 7075 = y. Is w composite?
False
Let b(j) = -7*j**3 + 6*j**2 + 2*j - 1. Let a be b(-5). Suppose -5*d - 164 = -1824. Suppose 2*u + d = a. Is u a prime number?
False
Let c be 1/(-2)*(15464 - -12). Let n = -5429 - c. Is n prime?
True
Suppose -2*g + g - 5 = -2*i, 3*i - 8 = 2*g. Is -3*(-2)/3 + (-1587)/g composite?
True
Let m(f) = -9*f**2 + 8 + 25*f**2 - 7 - 6*f. Is m(-5) a composite number?
False
Is (-128)/(-576) + (58658/(-9))/(-2) prime?
True
Suppose 0 = 4*t + 3*t - 2884. Is t*(-1 + (-9)/(-6)) a composite number?
True
Let x = -67 + 70. Suppose 0 = x*n + 837 - 2343. Is n prime?
False
Let j = -1693 - -2580. Is j a composite number?
False
Suppose -2*s = -5 - 1. Let b be s/(-4) + (-66)/8. Let a = b + 20. Is a prime?
True
Let q(w) = 294*w**2 - 13*w + 46. Is q(11) a prime number?
False
Is 36209/7 - 8/(-28) prime?
False
Let f = 8534 + 677. Is f a prime number?
False
Suppose 4*z = v + 5, 4*v - z - 13 = -v. Let s(g) = 228*g + 5. Is s(v) prime?
False
Suppose 4*o - 9837 - 14753 = 2*y, -4*y + 6125 = o. Suppose -36*q + o = -35*q. Is q a composite number?
True
Let r = 45 - 43. Suppose -4*n - 7*c + 2*c + 68 = 0, -5*c = n - r. Is n a prime number?
False
Let x(m) = -m**3 - 7*m**2 - 8*m - 5. Let a be x(-6). 